{"id":351,"date":"2025-05-05T17:02:51","date_gmt":"2025-05-05T15:02:51","guid":{"rendered":"https:\/\/fouyet.fr\/?page_id=351"},"modified":"2025-05-05T17:16:16","modified_gmt":"2025-05-05T15:16:16","slug":"lacces-a-leau","status":"publish","type":"page","link":"https:\/\/fouyet.fr\/index.php\/lacces-a-leau\/","title":{"rendered":"L&#8217;acc\u00e8s \u00e0 l&#8217;eau"},"content":{"rendered":"\n<p><em>&#8220;le droit \u00e0 l\u2019eau potable et \u00e0 l\u2019assainissement est un droit fondamental, essentiel \u00e0 la pleine jouissance de la vie et \u00e0 l\u2019exercice de tous les droits de l\u2019homme&#8221;\u00a0<\/em><\/p>\n\n\n\n<p class=\"has-x-small-font-size\"><br>(R\u00e9solution de l\u2019Assembl\u00e9e g\u00e9n\u00e9rale de l\u2019Organisation des Nations-unies en date du 28 juillet 2010).<\/p>\n\n\n\n<p><\/p>\n\n\n\n<p><em>&#8220;le\u00a0droit de l\u2019homme \u00e0 l\u2019eau potable doit permettre \u00e0 chacun d\u2019avoir acc\u00e8s sans discrimination,<br>physiquement et \u00e0 un\u00a0co\u00fbt abordable, \u00e0 un approvisionnement\u00a0suffisant\u00a0en\u00a0eau salubre\u00a0et de\u00a0qualit\u00e9<br>acceptable\u00a0pour les usages personnels et domestiques&#8221;<\/em><\/p>\n\n\n\n<p class=\"has-small-font-size\"><br><em>&#8220;le\u00a0droit de l\u2019homme \u00e0 l\u2019assainissement\u00a0doit permettre \u00e0 chacun, sans discrimination, d\u2019avoir acc\u00e8s<br>physiquement et \u00e0 un\u00a0co\u00fbt abordable, \u00e0 des \u00e9quipements sanitaires, dans tous les domaines de la vie, qui soient sans risque, hygi\u00e9niques, s\u00fbrs, socialement et culturellement\u00a0acceptables\u00a0et gages d\u2019intimit\u00e9 et de dignit\u00e9.&#8221;<\/em><\/p>\n\n\n\n<p class=\"has-x-small-font-size\"><br>(R\u00e9solution adopt\u00e9e le 17 d\u00e9cembre 2015)<\/p>\n\n\n\n<p><\/p>\n","protected":false},"excerpt":{"rendered":"<p>&#8220;le droit \u00e0 l\u2019eau potable et \u00e0 l\u2019assainissement est un droit fondamental, essentiel \u00e0 la pleine jouissance de la vie et \u00e0 l\u2019exercice de tous les droits de l\u2019homme&#8221;\u00a0 (R\u00e9solution de l\u2019Assembl\u00e9e g\u00e9n\u00e9rale de l\u2019Organisation des Nations-unies en date du 28 juillet 2010). &#8220;le\u00a0droit de l\u2019homme \u00e0 l\u2019eau potable doit permettre \u00e0 chacun d\u2019avoir acc\u00e8s &hellip; <\/p>\n<p class=\"link-more\"><a href=\"https:\/\/fouyet.fr\/index.php\/lacces-a-leau\/\" class=\"more-link\">Read more<span class=\"screen-reader-text\"> &#8220;L&#8217;acc\u00e8s \u00e0 l&#8217;eau&#8221;<\/span><\/a><\/p>\n","protected":false},"author":1,"featured_media":0,"parent":0,"menu_order":0,"comment_status":"closed","ping_status":"closed","template":"","meta":{"footnotes":""},"class_list":["post-351","page","type-page","status-publish","hentry"],"_links":{"self":[{"href":"https:\/\/fouyet.fr\/index.php\/wp-json\/wp\/v2\/pages\/351","targetHints":{"allow":["GET"]}}],"collection":[{"href":"https:\/\/fouyet.fr\/index.php\/wp-json\/wp\/v2\/pages"}],"about":[{"href":"https:\/\/fouyet.fr\/index.php\/wp-json\/wp\/v2\/types\/page"}],"author":[{"embeddable":true,"href":"https:\/\/fouyet.fr\/index.php\/wp-json\/wp\/v2\/users\/1"}],"replies":[{"embeddable":true,"href":"https:\/\/fouyet.fr\/index.php\/wp-json\/wp\/v2\/comments?post=351"}],"version-history":[{"count":4,"href":"https:\/\/fouyet.fr\/index.php\/wp-json\/wp\/v2\/pages\/351\/revisions"}],"predecessor-version":[{"id":364,"href":"https:\/\/fouyet.fr\/index.php\/wp-json\/wp\/v2\/pages\/351\/revisions\/364"}],"wp:attachment":[{"href":"https:\/\/fouyet.fr\/index.php\/wp-json\/wp\/v2\/media?parent=351"}],"curies":[{"name":"wp","href":"https:\/\/api.w.org\/{rel}","templated":true}]}}