{"id":221,"date":"2025-03-09T16:27:15","date_gmt":"2025-03-09T15:27:15","guid":{"rendered":"https:\/\/fouyet.fr\/?page_id=221"},"modified":"2025-05-05T16:50:31","modified_gmt":"2025-05-05T14:50:31","slug":"test-2-2","status":"publish","type":"page","link":"https:\/\/fouyet.fr\/index.php\/test-2-2\/","title":{"rendered":"L&#8217;eau dans le monde"},"content":{"rendered":"\n<p><\/p>\n\n\n\n<p class=\"has-medium-font-size\"><strong>L&#8217;eau douce : une rare ressource<\/strong><\/p>\n\n\n\n<div class=\"wp-block-media-text is-stacked-on-mobile\"><figure class=\"wp-block-media-text__media\"><img fetchpriority=\"high\" decoding=\"async\" width=\"980\" height=\"892\" src=\"https:\/\/fouyet.fr\/wp-content\/uploads\/2025\/05\/cd780c64f7_113142_volume-eau-terre-01.jpg\" alt=\"\" class=\"wp-image-342 size-full\" srcset=\"https:\/\/fouyet.fr\/wp-content\/uploads\/2025\/05\/cd780c64f7_113142_volume-eau-terre-01.jpg 980w, https:\/\/fouyet.fr\/wp-content\/uploads\/2025\/05\/cd780c64f7_113142_volume-eau-terre-01-300x273.jpg 300w\" sizes=\"(max-width: 980px) 100vw, 980px\" \/><\/figure><div class=\"wp-block-media-text__content\">\n<p><strong>Quel est le pourcentage d&#8217;eau douce ?<\/strong><br><br>Sur Terre, <strong>97,5 %<\/strong> de l&#8217;eau est sal\u00e9e et contenue dans les oc\u00e9ans. Seuls <strong>2,5%<\/strong> sont de l&#8217;eau douce, soit environ <strong>35,2 millions de milliards de m\u00e8tres cubes<\/strong>.<br><br>Sur cette quantit\u00e9 d&#8217;eau :<br><br>\u00b0 <strong>68,7 %<\/strong> se trouvent dans les glaciers ;<br>\u00b0 <strong>30,1 %<\/strong> dans les nappes phr\u00e9atiques ;<br>\u00b0 <strong>0,8 %<\/strong> dans le permafrost ;<br>\u00b0 <strong>0,4 %<\/strong> en surface et dans l&#8217;atmosph\u00e8re.<br><br>Au final, <strong>moins de 1 %<\/strong> de l&#8217;eau sur Terre est de l&#8217;eau douce et liquide.<\/p>\n<\/div><\/div>\n\n\n\n<div style=\"height:100px\" aria-hidden=\"true\" class=\"wp-block-spacer\"><\/div>\n\n\n\n<p class=\"has-medium-font-size\"><strong>R\u00e9partition de l&#8217;eau douce \u00e0 l&#8217;\u00e9chelle de la plan\u00e8te<\/strong><\/p>\n\n\n\n<figure class=\"wp-block-image alignleft size-large is-resized\"><img decoding=\"async\" width=\"1024\" height=\"668\" src=\"https:\/\/fouyet.fr\/wp-content\/uploads\/2025\/05\/1-1024x668.jpg\" alt=\"\" class=\"wp-image-343\" style=\"width:710px;height:auto\" srcset=\"https:\/\/fouyet.fr\/wp-content\/uploads\/2025\/05\/1-1024x668.jpg 1024w, https:\/\/fouyet.fr\/wp-content\/uploads\/2025\/05\/1-300x196.jpg 300w, https:\/\/fouyet.fr\/wp-content\/uploads\/2025\/05\/1.jpg 1200w\" sizes=\"(max-width: 1024px) 100vw, 1024px\" \/><\/figure>\n","protected":false},"excerpt":{"rendered":"<p>L&#8217;eau douce : une rare ressource Quel est le pourcentage d&#8217;eau douce ? Sur Terre, 97,5 % de l&#8217;eau est sal\u00e9e et contenue dans les oc\u00e9ans. Seuls 2,5% sont de l&#8217;eau douce, soit environ 35,2 millions de milliards de m\u00e8tres cubes. Sur cette quantit\u00e9 d&#8217;eau : \u00b0 68,7 % se trouvent dans les glaciers ;\u00b0 &hellip; <\/p>\n<p class=\"link-more\"><a href=\"https:\/\/fouyet.fr\/index.php\/test-2-2\/\" class=\"more-link\">Read more<span class=\"screen-reader-text\"> &#8220;L&#8217;eau dans le monde&#8221;<\/span><\/a><\/p>\n","protected":false},"author":1,"featured_media":0,"parent":0,"menu_order":0,"comment_status":"closed","ping_status":"closed","template":"","meta":{"footnotes":""},"class_list":["post-221","page","type-page","status-publish","hentry"],"_links":{"self":[{"href":"https:\/\/fouyet.fr\/index.php\/wp-json\/wp\/v2\/pages\/221","targetHints":{"allow":["GET"]}}],"collection":[{"href":"https:\/\/fouyet.fr\/index.php\/wp-json\/wp\/v2\/pages"}],"about":[{"href":"https:\/\/fouyet.fr\/index.php\/wp-json\/wp\/v2\/types\/page"}],"author":[{"embeddable":true,"href":"https:\/\/fouyet.fr\/index.php\/wp-json\/wp\/v2\/users\/1"}],"replies":[{"embeddable":true,"href":"https:\/\/fouyet.fr\/index.php\/wp-json\/wp\/v2\/comments?post=221"}],"version-history":[{"count":8,"href":"https:\/\/fouyet.fr\/index.php\/wp-json\/wp\/v2\/pages\/221\/revisions"}],"predecessor-version":[{"id":347,"href":"https:\/\/fouyet.fr\/index.php\/wp-json\/wp\/v2\/pages\/221\/revisions\/347"}],"wp:attachment":[{"href":"https:\/\/fouyet.fr\/index.php\/wp-json\/wp\/v2\/media?parent=221"}],"curies":[{"name":"wp","href":"https:\/\/api.w.org\/{rel}","templated":true}]}}